 50*l - 20 = 45*l, -5*l = 2*c - 26. Determine q(c).
26
Suppose 500*s + 452 + 76 - 28 = 0. Let t(x) be the third derivative of -11*x**6/120 + x**5/30 + x**4/12 + x**3/6 + x**2. Determine t(s).
12
Let x(t) be the second derivative of t**5/10 - 7*t**4/4 - 13*t**3/6 - 5*t**2 - 1373*t - 2. Determine x(11).
-32
Let g(r) = -r**3 + 4*r**2 - 5*r - 6. Let f(w) = w**2 - w - 1. Let j(k) = -4*f(k) + g(k). Let n = 31 + -32. Let h be (6/12)/(n/4). Give j(h).
8
Let l(w) = -2*w**3 + 3*w**2 + 5*w - 3. Let z be 6*(230/20 - 12). What is l(z)?
63
Let n = 242 + -234. Let g(f) = 2 - f**2 - 15*f - 4*f + 11*f - n. Give g(-5).
9
Let f(o) = -8*o + 8. Suppose -50 + 236 = -62*k. Give f(k).
32
Let q(f) be the second derivative of f**5/60 + f**4/8 - f**3/6 + 21*f**2/2 + 88*f. Let o(r) be the first derivative of q(r). Calculate o(-5).
9
Let v(y) = -12*y**2 + 2*y - 1. Let j = -313 - -114. Let d = -198 - j. Calculate v(d).
-11
Let j(w) = 18*w - 1282. Let a be j(71). Let d(b) = -b. Let y(i) = i. Let u(g) = -3*d(g) - 2*y(g). Give u(a).
-4
Let k(x) = 3 + 4*x**2 + 5 - 3*x**2 + 2*x - 23 - x**3 + 6. Determine k(-4).
63
Let q(c) = -24499 + 5*c**2 + 24510 - 26*c - 2*c**2. Determine q(9).
20
Suppose -5*h - 2*x - 57 = -8*h, 4*x = 4*h - 76. Let c(o) = -177*o**2 + 373*o**2 - o**3 + h - 197*o**2. Give c(0).
19
Let y = 44 - 42. Let z(m) = -1 - 38*m**y - m + 17*m**2 + 22*m**2. Determine z(3).
5
Let n(y) = 11 - y - 18 - y + 10. Let f(x) = 8*x - 90. Let k be f(15). Let j = 37 - k. What is n(j)?
-11
Let d(r) be the second derivative of -r**3/3 - 19*r**2/2 - 226*r. Let c be 275/(-15) + 5 + 6/(-9). Calculate d(c).
9
Let g(r) = r**2 - r + 13. Let z(h) = -3*h**2 + 4*h - 41. Suppose 2*w = 2, 5*t + 5*w + 7 - 22 = 0. Let k(v) = t*z(v) + 7*g(v). Calculate k(0).
9
Let g(o) = -o**3 - 4*o - 23*o**2 + 1844 + 1936 - 3879. Calculate g(-23).
-7
Let v(k) = -5*k + 88. Let g(d) = 13*d - 259. Let c(t) = -2*g(t) - 7*v(t). Determine c(12).
10
Let r(t) be the first derivative of -t**3/3 - t**2/2 - t - 2. Let y be r(0). Let u(k) = 3 - 2 - 1 + 313*k - 323*k. What is u(y)?
10
Let p(o) = -o**2 - 22*o - 13. Let s = -26660 - -26654. Determine p(s).
83
Let o(s) = -s**3 + 2*s**3 - 8*s**2 + 4*s - 6 + 0*s**3. Let h be 48 - (-1 - (-40 - 2)). Give o(h).
-27
Let i(r) be the third derivative of 0*r**3 + 0 + 7/24*r**4 + 0*r - 1/120*r**6 + 7/60*r**5 + 102*r**2. Determine i(8).
-8
Let p(n) = -4*n - 27. Suppose -3*h = 4*z + 1, 13*z = 9*z + 3*h - 31. What is p(z)?
-11
Suppose 0 = a + 2*v - 16, 8*v = 3*v + 10. Suppose -317*l - a = -313*l. Let o(g) = -g**2 + g + 3. Determine o(l).
-9
Suppose -89 - 139 = 91*z + 1046. Let a(x) = -x**2 - 14*x + 8. Determine a(z).
8
Let j(y) = -45*y + 167. Let o(v) = -73*v + 255. Let k(a) = -8*j(a) + 5*o(a). Determine k(14).
-131
Let b = 32 + -21. Suppose b + 5 = 4*v. Let u(q) = -41*q + 1. Let h(n) = -59*n + 1. Let p(l) = -2*h(l) + 3*u(l). Calculate p(v).
-19
Let o(d) be the first derivative of 15*d - 1/4*d**4 - 39 + 20/3*d**3 - 10*d**2. Give o(19).
-4
Suppose 0 = -20*l + 133 - 73. Let q(t) = -5*t**2 + 19*t**3 + 2*t + 3 - 7*t - 30*t**l + 10*t**3. Calculate q(-4).
7
Suppose 10*b - 1127 = -1067. Let x(h) be the second derivative of -h**5/20 + h**4/2 + h**3/3 + h**2/2 - h. What is x(b)?
13
Let f(t) be the third derivative of -3 + 0*t + 6*t**2 - 5/6*t**3 - 11/60*t**5 - 11/24*t**4 - 1/120*t**6. Give f(-10).
5
Let k be (-1350)/(-810)*(0 + -2 + -10). Let z(x) = 4*x + 74. Determine z(k).
-6
Let t(r) = -r**2 + 6*r - 3. Suppose 0 = c - z - 7, -c + z + 11 = -z. Calculate t(c).
6
Let w(b) = -b**3 + 19*b**2 + b - 20. Suppose 2*u = -4*r - 2*u + 8, 4*r - u - 18 = 0. Let s be 12/24*38/r*4. Determine w(s).
-1
Let y(u) = 5*u + 16. Let m be (((-6)/(-50))/(1/(-5)))/((-3)/(-15)). Calculate y(m).
1
Let x(v) = v**2 - 2*v + 3. Suppose 334 = -5*r + 94. Suppose 0 = 4*w + 4 + 8, 2*c + 2*w + 98 = 0. Let u = c - r. Calculate x(u).
3
Let c be (77/14 - 7)*-3*(-6)/(-27). Let a(z) = -2*z**2. What is a(c)?
-2
Let b(u) = u**3 + 5*u**2 + 2*u + 5. Let w(f) = -6*f**3 + 3*f**2 - 2*f. Let y be (-8)/(-10) + (-24)/(-20) - 1. Let t be w(y). Calculate b(t).
-5
Let a(y) = -y**2 + 13*y - 5. Let x(c) be the first derivative of 5*c - 13 - 6*c**2 + 1/3*c**3. Let j(o) = -5*a(o) - 6*x(o). Give j(4).
7
Let a(p) = 3*p**2 + 38*p + 113. Suppose 4*o = 4*h - 44, -5*o - 13 = -3*h + 34. Give a(o).
-6
Let j(s) = s**3 + 5*s**2 + 5*s - 1. Let q = -27 + 24. Let n be j(q). Let k(z) be the first derivative of -3*z**2 + 3*z + 10. Give k(n).
-9
Let a(b) = -3*b**2 + 5 + 2 - 4*b**3 + 2*b**3 + 13*b. Let u(s) = -s**3 - s**2 + 6*s + 3. Let j(t) = -2*a(t) + 5*u(t). Let o = -354508 - -354511. Calculate j(o).
-5
Let s = -37 + 28. Let g(f) be the third derivative of f**6/120 + 2*f**5/15 - f**4/2 - 7*f**3/6 + 1361*f**2. Calculate g(s).
20
Suppose -5*q - 4*r - 24 = -36, 5*q - 5*r + 15 = 0. Suppose -2*p + 46 = 4*i + 12, -2*i - 3*p + 7 = q. Let g(v) = v**3 - 11*v**2 + 7. Determine g(i).
7
Let u(b) = 2*b**2 - b - 3. Suppose 0 = -7*s - 373 + 1129. Suppose -s + 15 = -31*v. Give u(v).
12
Let m(f) = f**3 + 10*f**2 - 9. Let g(w) = -w**3 - 9*w**2 + 7. Let c(o) = -3*g(o) - 2*m(o). Determine c(-7).
-3
Let r(o) be the third derivative of o**6/120 + 2*o**5/15 - 7*o**4/8 + o**3/2 - 2057*o**2. Give r(-10).
13
Let w(u) = -4*u**2 + 619*u + 572. Let f(d) = -d**2 + 124*d + 110. Let o(l) = -16*f(l) + 3*w(l). Calculate o(32).
-12
Let c(b) = -7*b**2 - 10*b + 11. Let j(n) = 3*n**2 + 7*n - 5. Let h(f) = 2*c(f) + 5*j(f). Calculate h(-12).
-39
Let s(f) = -3*f**2 - 5*f + 23. Suppose 2*v + 5*b = 12, -4*v - 82*b = -80*b + 8. Calculate s(v).
-5
Let m(f) = -7 + 33 + f**3 - f**2 + 223156*f - 223208*f. What is m(-7)?
-2
Let j(h) be the second derivative of -9*h**4/4 + h**3/6 - h**2 - 10*h - 31. Calculate j(1).
-28
Let d(l) be the first derivative of 1/2*l**2 - 29*l - 77. What is d(12)?
-17
Suppose 8*w + 31*w + 273 = 0. Suppose 5*r = -5*t + 20, -2*r + r - 4*t = -10. Let f(b) = -5 - b**2 - 4*b**2 + 17*b**3 - b**r - 18*b**3 + 7*b. Calculate f(w).
-5
Let c(o) = 50*o**2 - 1 - 45*o**2 + o**3 - 6 + 2. Let v be c(-5). Let k(t) be the third derivative of -t**4/12 - t**3/6 - t**2 + 32. What is k(v)?
9
Let v(f) = -92 + 20 + 3*f - 4*f - 7*f. What is v(-10)?
8
Let m(l) = -6*l - 4*l + l - 37 - 9*l + 7*l. Determine m(-4).
7
Let c(h) be the second derivative of 0 + 7/12*h**4 + 5/6*h**3 + 1/20*h**5 - 2*h**2 - 190*h. What is c(-6)?
2
Let i(t) be the third derivative of t**5/20 - 7*t**4/4 - 2157*t**2. Determine i(14).
0
Suppose -6*c + c - 35 = 0. Let y(w) = w**3 + 7*w**2 + 0*w**2 + 5*w - 5 - 10*w**2 + 11*w**2. Determine y(c).
9
Let o(c) be the third derivative of c**4/8 + 7*c**3/6 + 12*c**2 + 21*c - 8. What is o(-1)?
4
Let n(q) = q**3 - 4*q**2 - 3*q - 5. Suppose 0 = -5*p - 23*s + 28*s + 25, 5*p + 5*s + 55 = 0. Calculate n(p).
-59
Let h be 4/(-8)*(-9 - -11). Let i(y) = 30*y**2 + 25*y - 25. Let n(q) = 5*q**2 + 4*q - 4. Let f(t) = -4*i(t) + 25*n(t). What is f(h)?
5
Let k(y) = -2*y**3 + 18*y**2 - 17*y + 10. Let w be k(8). Let u(s) = -82*s**2 - 84*s**2 + 255*s**w - 88*s**2 - 37. What is u(0)?
-37
Let w(q) be the second derivative of q**5/20 + 7*q**4/12 + 7*q**3/6 + 4*q**2 + 3457*q. Calculate w(-6).
2
Let m(s) be the second derivative of -s**3/3 - s**2/2 + 8*s - 8. Suppose -215*d = -212*d - 3. Calculate m(d).
-3
Let a be (-5 - -33)*1 + -5. Suppose -3*w = -3*o - 2*w + 20, -5*w - a = -4*o. Suppose -5*v - 26 = -o*v. Let z(h) = -h**2 + 14*h - 18. Calculate z(v).
-5
Let q(v) be the first derivative of -16*v + 1/2*v**2 + 1/3*v**3 + 81. Give q(0).
-16
Suppose 0 = -2*n + 2, 2 = -3*g + n + 4. Let h(j) = 4*j**3 + j**2. Let f be h(g). Let b(t) = t**3 - 6*t**2 + 3*t - 1. Determine b(f).
-11
Let t(u) be the second derivative of -2/3*u**3 + 1 + u**2 - u. Calculate t(-1).
6
Let c(u) = -24*u**2 - u. Suppose -4*m + w = 0, -19*w + 12 = -4*m - 15*w. Determine c(m).
-25
Let x be 57/(-1) - (-5 + 0). Let n be x/6 - ((-15)/(-9))/5. Let u(s) = -s**2 - 6*s - 5. Determine u(n).
-32
Let v(w) = -w**3 + 8*w**2 + 18*w + 15. Let s(n) = -3*n**3 + 15*n**2 + 36*n + 34. Let j(z) = 2*s(z) - 5*v(z). Determine j(-8).
9
Let a be (3/2)/(4*5/(-40)). Let d(s) = -3*s**2 - 7*s - 3. Let n(u) = u**2 + 4*u + 2. Let j(q) = a*d(q) - 5*n(q). Let p = -110 + 112. Calculate j(p).
17
Let y(u) = 5*u**2 + 4*u - 35. Let p(x) = -x**2 - x + 7. Let o(d) = -11*p(d) - 2*y(d). Let k = 114 + -120. 